osite?
False
Is 28387 a composite number?
False
Is 97987 a prime number?
True
Is 2174851 a composite number?
True
Is 191 prime?
True
Is 188735 a prime number?
False
Is 178361 prime?
True
Is 96757 prime?
True
Is 96353 composite?
False
Is 344801 a prime number?
True
Is 18641 composite?
True
Is 14711 a prime number?
False
Is 9767 prime?
True
Is 249058 a prime number?
False
Is 11369 a prime number?
True
Is 2566 a prime number?
False
Is 4783 a prime number?
True
Is 36133 composite?
True
Is 1015277 composite?
False
Is 796037 a prime number?
False
Is 23003 prime?
True
Is 25021 composite?
True
Is 8482 a composite number?
True
Is 63029 a composite number?
False
Is 8441 composite?
True
Is 529957 composite?
False
Is 1151 prime?
True
Is 5755 composite?
True
Is 72259 a prime number?
False
Is 2599 composite?
True
Is 331069 composite?
True
Is 745 prime?
False
Is 12589 a composite number?
False
Is 42031 a prime number?
False
Is 896633 a composite number?
False
Is 58241 prime?
False
Is 67829 a prime number?
True
Is 33157 a composite number?
True
Is 48707 prime?
False
Is 27779 composite?
False
Is 101227 composite?
True
Is 22793 prime?
False
Is 254119 prime?
True
Is 886097 composite?
False
Is 176263 a composite number?
True
Is 71867 composite?
False
Is 33407 a prime number?
False
Is 36377 a composite number?
True
Is 106793 a composite number?
True
Is 87713 prime?
False
Is 28199 a composite number?
True
Is 5333 a composite number?
False
Is 617659 prime?
False
Is 458677 composite?
True
Is 112543 composite?
False
Is 49631 a prime number?
False
Is 165343 composite?
False
Is 95603 a composite number?
False
Is 989149 prime?
False
Is 6503 a prime number?
False
Is 189307 composite?
False
Is 14591 a prime number?
True
Is 60601 prime?
True
Is 6521 composite?
False
Is 112031 composite?
False
Is 12839 a prime number?
False
Is 32366 composite?
True
Is 22147 prime?
True
Is 86417 composite?
True
Is 238261 a composite number?
False
Is 8929 composite?
False
Is 10435 prime?
False
Is 12637 composite?
False
Is 1086881 a composite number?
False
Is 9773 a composite number?
True
Is 3037 a prime number?
True
Is 1684477 prime?
True
Is 111697 a composite number?
False
Is 800897 a composite number?
False
Is 510889 composite?
False
Is 44083 prime?
False
Is 126401 composite?
True
Is 391231 a prime number?
True
Is 2298289 a composite number?
True
Is 281971 a composite number?
False
Is 18041 a prime number?
True
Is 74147 composite?
True
Is 3389 prime?
True
Is 321973 a composite number?
True
Is 1436593 a composite number?
False
Is 106073 a prime number?
False
Is 1745 a prime number?
False
Is 2063 a composite number?
False
Is 2809 composite?
True
Is 2330429 composite?
True
Is 325131 a prime number?
False
Is 7559 composite?
False
Is 3979 composite?
True
Is 99251 a composite number?
False
Is 3441733 a composite number?
True
Is 38483 prime?
False
Is 10847 a prime number?
True
Is 8893 prime?
True
Is 221563 a prime number?
False
Is 4499 prime?
False
Is 33547 composite?
False
Is 62171 composite?
False
Is 26769 a prime number?
False
Is 1157831 composite?
False
Is 1631393 a composite number?
True
Is 559739 a composite number?
False
Is 323 a prime number?
False
Is 837089 composite?
True
Is 15511 prime?
True
Is 3519818 a prime number?
False
Is 213238 composite?
True
Is 4091 a composite number?
False
Is 139021 composite?
False
Is 70937 a composite number?
False
Is 31523 prime?
False
Is 311153 prime?
True
Is 9274 a prime number?
False
Is 199009 prime?
False
Is 110291 a composite number?
False
Is 25703 prime?
True
Is 371409 composite?
True
Is 3491 prime?
True
Is 1202779 prime?
True
Is 15357 composite?
True
Is 792443 a prime number?
True
Is 266201 a composite number?
True
Is 20573 composite?
True
Is 4987 prime?
True
Is 570781 composite?
False
Is 93999 prime?
False
Is 23099 a composite number?
False
Is 90659 a composite number?
False
Is 33911 a composite number?
False
Is 3181205 a prime number?
False
Is 13523 a prime number?
True
Is 102457 composite?
True
Is 82601 prime?
True
Is 169063 a composite number?
False
Is 380863 composite?
True
Is 39211 composite?
True
Is 59791 a prime number?
True
Is 7991285 prime?
False
Is 8147 a composite number?
False
Is 383 prime?
True
Is 276209 composite?
False
Is 6997 prime?
True
Is 127997 a composite number?
False
Is 2204579 a prime number?
False
Is 11027 a composite number?
False
Is 53027 a composite number?
True
Is 16309 prime?
False
Is 140173 a prime number?
False
Is 1326437 a prime number?
False
Is 14621 composite?
False
Is 42433 a prime number?
True
Is 649 composite?
True
Is 1087 composite?
False
Is 97943 a prime number?
True
Is 45205 prime?
False
Is 153863 composite?
True
Is 85379 prime?
False
Is 20993 a prime number?
False
Is 75869 composite?
False
Is 21763 composite?
True
Is 1651 prime?
False
Is 749354 composite?
True
Is 661835 prime?
False
Is 3513 composite?
True
Is 91187 a composite number?
True
Is 102367 composite?
False
Is 6287 composite?
False
Is 1667473 a composite number?
False
Is 181123 prime?
True
Is 29071 prime?
False
Is 332921 a composite number?
False
Is 1670857 prime?
True
Is 2279 prime?
False
Is 10319 prime?
False
Is 119965 prime?
False
Is 9917 a prime number?
False
Is 44731 prime?
False
Is 906805 a prime number?
False
Is 9239 a composite number?
False
Is 172069 composite?
False
Is 17257 a prime number?
True
Is 1839241 composite?
True
Is 3144205 a prime number?
False
Is 225809 composite?
False
Is 73303 prime?
True
Is 299023 a composite number?
True
Is 676883 a prime number?
True
Is 229681 composite?
False
Is 612481 prime?
True
Is 195717 prime?
False
Is 126683 composite?
False
Is 8057 a composite number?
True
Is 2843 composite?
False
Is 14843 a composite number?
False
Is 213547 a composite number?
True
Is 851 a prime number?
False
Is 60877 a prime number?
False
Is 130821 a prime number?
False
Is 6761 a composite number?
False
Is 1329569 prime?
True
Is 42139 composite?
False
Is 6437 a composite number?
True
Is 5381 composite?
False
Is 3991 prime?
False
Is 8467 prime?
True
Is 1609151 a prime number?
False
Is 26281 prime?
False
Is 1522 a composite number?
True
Is 181943 prime?
True
Is 398771 prime?
True
Is 2548493 composite?
False
Is 3489 a prime number?
False
Is 2827 prime?
False
Is 53987 a prime number?
True
Is 1732193 a composite number?
False
Is 302087 prime?
False
Is 276949 prime?
True
Is 2742977 prime?
True
Is 400591 a prime number?
False
Is 205589 a prime number?
True
Is 4853 a prime number?
False
Is 32947 a prime number?
False
Is 4111 a composite number?
False
Is 346169 a composite number?
False
Is 5429 prime?
False
Is 294157 a composite number?
False
Is 71458 prime?
False
Is 47131 a prime number?
False
Is 11801 a prime number?
True
Is 1849 a prime number?
False
Is 6779 a prime number?
True
Is 170977 a composite number?
True
Is 5809 composite?
True
Is 2343089 composite?
True
Is 614 composite?
True
Is 20059 a prime number?
False
Is 2032909 a prime number?
True
Is 13141 a prime number?
False
Is 14143 a prime number?
True
Is 74837 a prime number?
False
Is 144791 a prime number?
True
Is 58669 composite?
True
Is 121 a prime number?
False
Is 148273 a prime number?
False
Is 1597 prime?
True
Is 783257 composite?
False
Is 1074217 a composite number?
True
Is 36811 composite?
True
Is 293549 composite?
True
Is 40757 prime?
False
Is 301703 a composite number?
False
Is 181001 prime?
True
Is 65353 a prime number?
True
Is 3170254 a prime number?
False
Is 8457 a prime number?
False
Is 4769 a composite number?
True
Is 12434 a composite number?
True
Is 1222561 composite?
False
Is 203 composite?
True
Is 93986 a prime number?
False
Is 1169 a prime number?
False
Is 2170153 composite?
False
Is 12071 composite?
False
Is 40277 prime?
True
Is 1579 a composite number?
False
Is 1551853 a composite number?
False
Is 25814 prime?
False
Is 319019 prime?
False
Is 1693 a prime number?
True
Is 862073 a prime number?
False
Is 1361 prime?
True
Is 10579 a composite number?
True
Is 825667 prime?
False
Is 87383 composite?
False
Is 2471 a prime number?
False
Is 77447 composite?
False
Is 22511 prime?
True
Is 11741 a composite number?
True
Is 8743 a prime number?
False
Is 16049 composite?
True
Is 1151 a composite number?
False
Is 4703 composite?
False
Is 1717273 prime?
False
Is 1066619 p